) = w**3 + 28*w**2 + 45*w - 25. Is c(-23) composite?
True
Let c be 7/4 + (-4)/(-16). Suppose c*n + 3*n - 595 = 0. Is n prime?
False
Is (-1)/7 + (-890)/(-7) a prime number?
True
Is 892/2*(-2)/(-4) a prime number?
True
Suppose 7*i = 2*i - 225. Let f = i - -83. Is f prime?
False
Let h = -434 + 729. Is h prime?
False
Let r(q) = 26*q**2 + 3*q + 4. Let t be r(-3). Let h = 432 - t. Is h composite?
True
Is 239*2/(2/1) prime?
True
Is 3 + 30*104/12 a prime number?
True
Suppose 0*q + 4*q = 3*a, 2*a - 20 = -4*q. Suppose 0 = -4*k - 2*d + 3862, -q*k = -2*d - 0*d - 2907. Is k composite?
False
Let f(g) be the first derivative of g**3 + g**2 + g + 1. Let h be f(-1). Suppose 0*r - 174 = -3*i + 3*r, -h*i + 4*r = -114. Is i prime?
True
Let a = -1480 + 3039. Is a a composite number?
False
Suppose 5*q + 4*y = q + 2316, -2*q - 5*y + 1146 = 0. Is q prime?
False
Is (-21550)/(-4) - 5/10 composite?
False
Suppose 3*q - 5*q + 392 = 5*s, q - 196 = 3*s. Let p = q - 75. Is p a prime number?
False
Suppose -3*m + 9 = 0, -v + 353 + 170 = 2*m. Is v a composite number?
True
Let j = -20 - -43. Suppose v - 6 = -m + 9, -3*m + 3 = 0. Let y = j - v. Is y prime?
False
Suppose l - 6*l - 20 = 0. Is ((-62)/l)/(5/30) a composite number?
True
Let b be 1 - 3 - (3 - 5). Suppose -4*s + 8 + b = 0. Suppose 2*p = z + p - 33, -4*z + s*p = -132. Is z prime?
False
Suppose -3*f + 5035 = 2*k + 1949, -2*f - 3*k = -2054. Suppose 0*t = -5*t + f. Suppose 205 - 48 = 3*j - u, 3*u + t = 4*j. Is j prime?
True
Let l(b) = b - 6. Let n be l(6). Suppose -q + 45 = 2*q. Suppose n = 2*r - q - 59. Is r a composite number?
False
Let d(l) = -l**2 + 6*l + 1. Let o be d(6). Suppose 5*v = o + 9. Is 3 + 6*3 - v composite?
False
Is (-22730)/4*(-16)/8 prime?
False
Let g = 74 - 45. Let v = 91 - g. Is v a composite number?
True
Let f = 4 + -2. Suppose 2*t - f = 3*r, -t - r + 1 = 4*r. Is (9/2 - t)*4 composite?
True
Suppose -2*w - 3 = 3*r - 49, 102 = 4*w + r. Suppose -4 = 3*i + w. Is (-4)/(-10) - 366/i prime?
True
Let r(y) = -y**2 - 32*y - 10. Is r(-13) composite?
True
Suppose 15 - 5 = 2*o. Suppose o*b = -2*p + 1903, -1952 + 432 = -4*b - p. Is b a composite number?
False
Suppose -25 = -5*d - 2*v, d - 3*v = -6*v + 5. Suppose 0 = d*s - s - 16. Suppose s = -2*i + 8. Is i composite?
False
Suppose -a - 8 = -2*n, -2*a - 4 = 2*n - 0. Let d = a + 11. Suppose d*w = 2*w + 235. Is w a prime number?
True
Let j be (59/4)/((-4)/32). Let r = -41 - j. Is r composite?
True
Suppose 0 = 6*d - 2*d - 8. Let u(w) = w. Let h(z) = 2*z. Let l(t) = h(t) + u(t). Is l(d) a prime number?
False
Suppose -4*y + 4*z = 5*z + 3, 0 = -5*y - 2*z. Let m = y + -4. Is 2/4*m - -148 a composite number?
True
Let a(g) = -2159*g + 1. Let o be a(1). Let k = o - -4337. Is k a composite number?
False
Let z(a) = 257*a - 18. Is z(11) a prime number?
False
Let b(g) = -1841*g - 6. Is b(-1) a composite number?
True
Let n(o) = -4*o**2 - 8*o**3 + 2*o + 1 + 0 + 6*o**2. Is n(-2) prime?
False
Let c(t) be the third derivative of t**5/60 + 19*t**3/6 + 5*t**2. Is c(0) a composite number?
False
Suppose 3*q = -5*s - 648, 2*s - 461 = 4*q + 403. Let o = q + 467. Is o a prime number?
True
Let l(u) = 139*u - 19. Is l(6) a prime number?
False
Suppose u = -5*i + 2496, -4*i - 4*u + 2382 = 382. Is i prime?
True
Let t(x) = 3 + 7*x + 7 - 3 + 5*x**2 - 3*x**2. Is t(-8) composite?
False
Let y be (-4 + -4)/(2/(-3)). Suppose -5*w = -w - y. Suppose 2*g + 261 = 5*t, 3*t - 169 = -w*g - 2*g. Is t prime?
True
Let k(w) be the first derivative of 10*w**3/3 - w**2/2 - w - 7. Is k(-5) prime?
False
Let i = 96 - 57. Is i a prime number?
False
Let p(u) = u - 1. Let a(k) = -4. Let g(q) = a(q) - 4*p(q). Let z be g(-1). Suppose -5*y + 3*r - r = -53, 16 = z*y + 5*r. Is y a prime number?
False
Is 6/(-3) + (-9)/(-3) - -2316 a composite number?
True
Suppose -5*k + 9 + 6 = 0. Suppose -4*h + 3*f = -1222, -k*h + 399 + 524 = f. Is h a composite number?
False
Let p(b) = b**3 + 6*b**2 - 6*b + 10. Let n be p(-7). Suppose 0*j + 3*j = -n. Is 2/((-122)/(-118) + j) a prime number?
True
Let p = -287 + 430. Suppose p - 9 = 2*h. Is h a composite number?
False
Let o(i) = -5 + 55*i - i**3 - 68*i - 8*i**2 - 2*i**2. Is o(-11) prime?
False
Suppose 0*r - 3*r + 225 = 4*q, 4*r + 3*q - 293 = 0. Is r a composite number?
False
Let x = -656 - -278. Let d = -251 - x. Is d a composite number?
False
Let j be 1/(-2) + (-3)/6. Is (j + -16)*(10 - 21) a composite number?
True
Let p = 1684 - 1049. Is p a composite number?
True
Let i be 1/(-2)*(0 - 6). Suppose 38 + 22 = -i*y. Let w = -5 - y. Is w prime?
False
Suppose -h + 8 = -37. Let z = h - -1. Is z composite?
True
Let c(k) = 67*k**2 + 3*k + 3. Is c(5) a prime number?
True
Let t be (212 + -2)*42/(-10). Let k = t + 1297. Is k prime?
False
Let i be 1 + (1/1 - 0). Suppose 4*k - 3*k + 4*q = 51, -4*q = i*k - 86. Is k a prime number?
False
Let a(q) be the first derivative of 5*q**2/2 + 7*q + 7. Let s(b) = 5*b + 1. Let i be s(1). Is a(i) a prime number?
True
Let r be 1 + 2 + (1 - 3). Let d(b) = 112*b + 1. Is d(r) composite?
False
Suppose 5*z - 7 = 3. Suppose 2*j = -3*k + 413, 7*k + 15 = z*k. Is j a prime number?
True
Let j(i) = -i**3 - 9*i**2 + 3*i + 4. Let y be j(-10). Let s = 75 + y. Is s prime?
True
Suppose 0 = 4*z + 2*f - 1074, 0 = 2*z - 2*f - 251 - 277. Is z prime?
False
Let r be (2 - 2 - -2)/(-2). Is 7/(0 + r/(-5)) a composite number?
True
Suppose -4*i - 3*r + 8*r = -12874, -5*i - 3*r + 16111 = 0. Is i prime?
True
Suppose -376 + 109 = -3*t. Is t composite?
False
Let b(j) = -j**2 + 8*j - 5. Let s be b(6). Let h(r) = r**2 - 6*r + 4. Is h(s) prime?
True
Let z = 6 - 3. Let s(a) = 2*a - 3. Let k be s(z). Suppose 0 = -0*l + l - 5*w - 26, 0 = -k*l + 3*w + 90. Is l composite?
False
Suppose -1174 = -3*d - 4*j + 14579, 4*d + j - 21017 = 0. Is d prime?
False
Let s(n) = n**3 - 6*n**2 + 4. Let i be s(6). Let c(r) = -r**3 + 5*r**2 + 4*r - 1. Is c(i) composite?
False
Let d = 4786 + -2741. Is d composite?
True
Suppose 0 = 6*g - 516 - 1038. Is g a composite number?
True
Suppose -5*p + 84 + 336 = 0. Suppose -i - 3*i = -p. Is i a prime number?
False
Let j be (-3)/9 + 272/(-3). Is (-2 - -4) + -4 - j prime?
True
Suppose 5*f - v = 1767, -f = 2*f - 4*v - 1050. Suppose -h = 3*b - f, -4*b + 226 = -2*h - 256. Is b a prime number?
False
Suppose 5*w - 4753 = -2*f - 935, 5*w = f - 1909. Is f a composite number?
True
Let k(b) = -b**2 - b - 4. Let q be k(-6). Let n = q + 165. Is n a composite number?
False
Let o = -199 + 471. Suppose -6*q = -o - 46. Is q a composite number?
False
Suppose 13*v - 38019 + 306 = 0. Is v composite?
True
Suppose -15 = k + 5*x, 2*x + 9 = 1. Suppose k*a + 10 = 0, -p = 2*a - 7*a - 101. Is p composite?
True
Let q = -454 - -1496. Is q composite?
True
Let f(m) = -m + 7. Let y be f(4). Suppose 2*i - 4*z = 16, y*i - 3*z - 26 = z. Is i prime?
False
Let n be (-1 + 6)*(-2 + 33). Let p = n + -10. Is p a composite number?
True
Let g be 8169/(-49) + 2/(-7). Let l = g + 294. Is l a prime number?
True
Let t(p) = p**3 + p - 3. Let f be t(2). Suppose -3*a + 649 = -4*y, -2*y - f = 1. Is a prime?
True
Is (-2)/((-8)/(-652))*-13 prime?
False
Let u(m) = 2*m**2 + 5*m - 5. Let r be (1 - (-1 - 0)) + -8. Is u(r) a composite number?
False
Let g(r) = r**3 + 6*r**2 + 5*r - 3. Let d be g(-5). Let l be (-1161)/(9/d)*1. Let y = l - 226. Is y composite?
True
Suppose 4*o - 3 - 5 = 0. Let h(q) = 59*q**3 + 2*q**2 - q + 3. Is h(o) prime?
False
Suppose -71 = p - 17. Let u = 133 + p. Is u a prime number?
True
Let p = -8 - -11. Suppose -p*n = -3*j - 2*j + 1285, -514 = -2*j - n. Is j composite?
False
Is (2 + 0 + -4)*764/(-8) prime?
True
Suppose 3*v = -3*l - 2*v - 8, -4 = v. Suppose 99 = f - l*f. Let g = -10 - f. Is g prime?
True
Let s(q) = 101*q + 1. Suppose 9 + 4 = 5*z + c, 3*c = -3*z + 15. Is s(z) prime?
False
Let n be (1484/35)/(2/10). Let w(d) = 2*d - 4. Let p be w(3). Is 0 + n + p + -3 a prime number?
True
Let r = -1 - -4. Let a(n) = n. Let d be a(r). Suppose d*f + 12 = 69. Is f prime?
True
Let z = 3 + 0. Suppose -z*o + 126 = -429. Is o prime?
False
Let x(q) = -3*q - 3. Let t be x(-2). Suppose -r - t = -d - 5*r, d - 3 = -3*r. Let y = d - 0. Is y prime?
True
Suppose 0 = 5*g + h - 1599, -3*g + h + 3*h = -941. Is g a prime number?
False
Let h(m) = 16*m**2 + 6*m + 9. Is h(-5) prime?
True
Suppose c - 4*c + 489 = 0. Is c a prime number?
True
Let u